{"id":2226,"date":"2023-02-03T11:57:52","date_gmt":"2023-02-03T10:57:52","guid":{"rendered":"https:\/\/stratosferica.org\/?post_type=ct_content_block&#038;p=2226"},"modified":"2023-02-03T11:57:52","modified_gmt":"2023-02-03T10:57:52","slug":"un-monumento-pazzo-e-colorato-al-valentino","status":"publish","type":"ct_content_block","link":"https:\/\/www.stratosferica.org\/en\/ct_content_block\/un-monumento-pazzo-e-colorato-al-valentino\/","title":{"rendered":"Un monumento pazzo e colorato al Valentino"},"content":{"rendered":"<p><\/p>\n\n\n\n<h3 class=\"wp-block-heading\">Un monumento pazzo e colorato al Valentino<\/h3>\n\n\n\n<p class=\"has-medium-font-size\" style=\"font-style:normal;font-weight:400\"><\/p>\n\n\n\n<p class=\"has-medium-font-size\">Si sa, Torino non \u00e8 pi\u00f9 citt\u00e0 grigia. Ma meglio ribadirlo. Nel parco nobile entra in scena un monumento-performance: una sfera di metallo alta 10 metri, senza fondazioni, che chiunque pu\u00f2 muovere come su una pista (da corsa? delle biglie? di collaudo?), metafora della continua messa in moto necessaria alla citt\u00e0. Con senso del paradosso, un\u2019idea \u201ccontro il grigiore industriale\u201d celebra il ruolo del design, dell\u2019imprenditoria e del sapere operaio (viva i battilastra). All\u2019interno del globo, una Lancia Stratos, modello disegnato da Marcello Gandini per Bertone: un monumento Stratos-sferico.<\/p>\n\n\n\n<p class=\"has-medium-font-size\">Idea di: Ilenia Notarangelo<br \/>Progetto di: MOTOElastico<br \/>Foto di: Michele D\u2019Ottavio <\/p>\n\n\n\n<p><\/p>\n\n\n\n<p class=\"has-medium-font-size\" style=\"font-style:normal;font-weight:400\"><\/p>\n\n\n\n<p class=\"has-medium-font-size\"><\/p>\n\n\n\n<div style=\"height:15px\" aria-hidden=\"true\" class=\"wp-block-spacer\"><\/div>","protected":false},"template":"","meta":{"slim_seo":{"title":"Un monumento pazzo e colorato al Valentino - Stratosferica","description":"Un monumento pazzo e colorato al Valentino Si sa, Torino non \u00e8 pi\u00f9 citt\u00e0 grigia. Ma meglio ribadirlo. Nel parco nobile entra in scena un monumento-performance:"},"footnotes":""},"class_list":["post-2226","ct_content_block","type-ct_content_block","status-publish","hentry"],"_links":{"self":[{"href":"https:\/\/www.stratosferica.org\/en\/wp-json\/wp\/v2\/ct_content_block\/2226","targetHints":{"allow":["GET"]}}],"collection":[{"href":"https:\/\/www.stratosferica.org\/en\/wp-json\/wp\/v2\/ct_content_block"}],"about":[{"href":"https:\/\/www.stratosferica.org\/en\/wp-json\/wp\/v2\/types\/ct_content_block"}],"version-history":[{"count":0,"href":"https:\/\/www.stratosferica.org\/en\/wp-json\/wp\/v2\/ct_content_block\/2226\/revisions"}],"wp:attachment":[{"href":"https:\/\/www.stratosferica.org\/en\/wp-json\/wp\/v2\/media?parent=2226"}],"curies":[{"name":"wp","href":"https:\/\/api.w.org\/{rel}","templated":true}]}}

<p></p>



<h3 class="wp-block-heading">Un monumento pazzo e colorato al Valentino</h3>



<p class="has-medium-font-size" style="font-style:normal;font-weight:400"></p>



<p class="has-medium-font-size">Si sa, Torino non è più città grigia. Ma meglio ribadirlo. Nel parco nobile entra in scena un monumento-performance: una sfera di metallo alta 10 metri, senza fondazioni, che chiunque può muovere come su una pista (da corsa? delle biglie? di collaudo?), metafora della continua messa in moto necessaria alla città. Con senso del paradosso, un’idea “contro il grigiore industriale” celebra il ruolo del design, dell’imprenditoria e del sapere operaio (viva i battilastra). All’interno del globo, una Lancia Stratos, modello disegnato da Marcello Gandini per Bertone: un monumento Stratos-sferico.</p>



<p class="has-medium-font-size">Idea di: Ilenia Notarangelo<br />Progetto di: MOTOElastico<br />Foto di: Michele D’Ottavio </p>



<p></p>



<p class="has-medium-font-size" style="font-style:normal;font-weight:400"></p>



<p class="has-medium-font-size"></p>



<div style="height:15px" aria-hidden="true" class="wp-block-spacer"></div>

Un monumento pazzo e colorato al Valentino Si sa, Torino non è più città grigia. Ma meglio ribadirlo. Nel parco nobile entra in scena un monumento-performance:
